late the greatest common factor of 13 and z.
13
Let x be (-5)/(-10) - 166/(-4). Suppose -4*f + x = 2*f. What is the greatest common divisor of 70 and f?
7
Suppose 29 = m + 3*h, 0*m + 3*m - 39 = 3*h. Calculate the highest common divisor of 136 and m.
17
Let m(z) = 2*z**2 + 15*z - 22. Let x be m(-16). What is the highest common factor of x and 10?
10
Let x be 29/(-58) - 3998/(-4). Calculate the highest common factor of x and 37.
37
Let k = 1470 + -1026. What is the greatest common factor of k and 12?
12
Suppose -7*p + 5*p = -74. Suppose -k - 15 + p = 2*y, 5*k - 101 = -y. Let t = -50 - -70. Calculate the highest common factor of k and t.
20
Suppose -4*h = -5*i + 208, 47 = -5*i - 5*h + 282. What is the highest common factor of i and 539?
11
Let z be 6 - 145/25 - 26/5. Let r be 1*(5/z + 40). What is the highest common divisor of r and 13?
13
Suppose -19*j = -16*j - 15. Suppose -3*l + 100 = j*c - 290, -2*l + 5*c = -285. Calculate the highest common divisor of l and 15.
15
Let o = -3 + 23. Let m = -4499 + 4519. What is the greatest common factor of o and m?
20
Suppose -3*d + 0*d = -546. Let m(a) = 12*a + 2. Suppose 4*q - 5*q + 2 = 0. Let x be m(q). What is the highest common divisor of d and x?
26
Let o be (-28)/70*1*20. Let k(q) = -2*q**2 - 19*q - 9. Let j be k(o). Calculate the highest common factor of j and 60.
15
Let q be ((-10)/(-6) - 1)/((-11)/(-429)). Let c be -3 - (-3 + 1) - -14. What is the highest common factor of q and c?
13
Let v be 2530/66 - (-3)/(-9). Let h be ((-5 - -2) + -1)*-19. Calculate the highest common divisor of v and h.
38
Suppose -2*s = -5*x + 9, 2*s - 14 = -2*x - 2. Let v(p) = 4 + p**3 + 3 + p - 6 - s. Let a be v(3). Calculate the highest common divisor of a and 42.
14
Let w = 127 - 190. Let k be 2/(-4)*8 - w. Let a = k - 39. Calculate the greatest common factor of 30 and a.
10
Suppose -8*a = -697 + 281. What is the greatest common factor of 195 and a?
13
Suppose 0 = 4*b + 2*x - 42, -x - 15 + 4 = -2*b. Suppose -3*d - 3*q = -33, 5*d - 10*d + 3*q + 63 = 0. What is the greatest common divisor of d and b?
4
Let n(x) = -15*x**2 - 4*x + 3. Let y(b) = -22*b**2 - 6*b + 4. Let l(p) = 7*n(p) - 5*y(p). Let q be l(-1). What is the greatest common divisor of q and 10?
2
Let l be 140/10*(-31)/(-2). What is the greatest common factor of l and 7?
7
Suppose -14904 = 156*v - 174*v. Calculate the highest common divisor of v and 48.
12
Suppose -1824 = -5*q + x, -3*q - 8*x + 11*x + 1104 = 0. What is the highest common divisor of q and 112?
28
Let g(s) = -20*s + 15. Let n be g(-3). Calculate the greatest common factor of n and 25.
25
Suppose 0 = -3*m + 12. Suppose 9*a - 43 = 11. Suppose j + 4*g - a = 6, 0 = -5*j + 3*g + 60. Calculate the highest common factor of m and j.
4
Suppose -4*u + 3 + 13 = 0. Let f be (72/(-40))/((-2)/30). Suppose -f = -u*g + 29. What is the highest common divisor of 7 and g?
7
Let c(q) = 4*q**2 - 12*q + 40. Let r be c(4). Suppose -8*h = -3*h - 2*a - 176, r = 2*h + 4*a. What is the greatest common factor of 85 and h?
17
Suppose 0 = -2*z + h + 6, 5*h = 3*z + 2*h - 15. Let j = -756 - -763. Calculate the highest common factor of j and z.
1
Suppose 3*q + 5*a = 4*q - 26, -107 = -5*q + 2*a. Suppose -5*v = 2*d - 151, -4*v + 453 = 4*d + 181. Calculate the highest common divisor of d and q.
21
Let p be 2/(-8) + (-123)/(-12). Let q(y) = -y**3 - 3*y**2 - 6*y - 3. Let o = 34 - 36. Let j be q(o). Calculate the highest common factor of j and p.
5
Let f = 973 - 161. What is the greatest common divisor of 28 and f?
28
Suppose 0*d - d = 5. Let q be 649/55 + 4/d. Calculate the highest common factor of q and 44.
11
Let c be (-19)/(171/(-306))*6. Calculate the highest common factor of 48 and c.
12
Let w(j) = 33*j + 20. Let v be w(12). What is the highest common divisor of 26 and v?
26
Suppose 5*n - 3*w - 17 = 1, -28 = -4*n - w. What is the greatest common divisor of 150 and n?
6
Suppose -96*j - u + 405 = -95*j, -3*u - 820 = -2*j. What is the greatest common factor of j and 148?
37
Let q(k) = -26*k + 8. Let z be q(-5). What is the greatest common factor of 621 and z?
69
Suppose 3 = -3*d - 3*v - 12, v = 3*d + 3. Let w be 6/8 + (d - (-122)/8). Calculate the greatest common factor of w and 14.
14
Let u = -311 + 331. Calculate the highest common divisor of 30 and u.
10
Let l = 865 + -134. Calculate the highest common factor of l and 51.
17
Let b(l) = l**2 - 4. Let i be b(-4). Let h = i - 4. Suppose 2*g - h = 12. What is the highest common divisor of g and 4?
2
Let l be 4/10 - (-7860)/100. What is the greatest common divisor of 3160 and l?
79
Let d(b) be the second derivative of -b**4/12 - 4*b**3/3 - 9*b**2/2 + b. Let m be d(-8). Let t = -7 - m. Calculate the highest common divisor of t and 14.
2
Let f = -3947 + 4002. Let j be -1 + 14 + 1*-2. What is the greatest common divisor of f and j?
11
Let z(i) = 3*i**2 - 6*i - 48. Let m be z(8). Calculate the highest common factor of 6 and m.
6
Let r(s) = s**2 + 10*s - 10. Let z be r(-10). Let m = -23 - z. Let h = 24 + m. Calculate the highest common divisor of h and 99.
11
Let r be (-8)/(-28) + (-15)/(-21). Let z be r/(-3) - 40/(-3). Let u be 1 - -9*1*10. Calculate the greatest common divisor of u and z.
13
Suppose 4*n - 4*o = 200, -n + 58 = -7*o + 2*o. What is the greatest common divisor of 144 and n?
48
Let t(r) = -r**3 - 10*r**2 - 10*r - 8. Let g be t(-9). Let d(n) = -g - 21*n - 8 + 8. Let f be d(-1). What is the greatest common divisor of 8 and f?
4
Let s = 1441 + -1376. Let w be (-254)/(-6) + (-2)/6. Suppose 3*h - 3*j = w, -h - 3*j - 1 = -11. What is the highest common divisor of h and s?
13
Suppose -5*k = -76*k + 32589. What is the highest common factor of k and 102?
51
Suppose b + 4*s - 57 = 0, 2*b - 67 = -4*s + 63. Let c = b + -247. Let r = c + 328. What is the highest common divisor of 14 and r?
14
Suppose 2*q + 3*q - 617 = -4*k, -5*k + 4*q = -761. Suppose -3*w = -0*w - 3*a - k, 4*w + 2*a = 222. What is the highest common divisor of w and 6?
6
Let i be 1188/12 + (2 - 6). Let c = i + -71. Calculate the highest common factor of 6 and c.
6
Suppose 0 = 4*g - 6*g + 52. Let n = g + -9. Calculate the highest common factor of n and 17.
17
Let v(t) = -9*t**3 + 3*t**2 - 9*t - 24. Let z be v(-3). Calculate the highest common factor of z and 1001.
91
Let f be (5 - 7) + 2 + -1. Let r(d) = 35*d**2 - 3*d - 2. Let s be r(f). Let p(h) = 5*h + 9. Let n be p(9). Calculate the greatest common factor of s and n.
18
Let s be ((-82)/164)/(3 + (-50)/16). Let y = 48 - 32. Calculate the greatest common factor of y and s.
4
Let p(o) = -o**3 - o**2 + 5*o - 3. Let m = 57 - 36. Suppose i - 11 = 4*d, -5*d + 1 = m. Let v be p(i). Calculate the highest common factor of v and 18.
18
Let j(i) = -22*i**3 - i**2 - i. Let g be (-4)/(-14) - (-9)/(-7). Let w be j(g). Suppose 5*k = 301 - 81. What is the highest common factor of k and w?
22
Let n be (-1)/(-5) - (-3456)/(-80). Let b = -35 - n. What is the greatest common divisor of b and 8?
8
Let y be (752/20)/(-4) - 4/(-10). Let k be (24/y + 4)*3. Let q be (15/1)/(6/8). What is the highest common divisor of k and q?
4
Let f be 7 - (8 - (4 + 0)). Suppose -3*v - 4*b - 33 = 0, -b - b - 34 = 4*v. Let u be (-9 - -6)/(f/v). Calculate the greatest common factor of u and 7.
7
Suppose 11*u = 7*u + 112. Let k(c) = -7*c - 1. Let g be k(2). Let l = u + g. What is the greatest common factor of l and 65?
13
Let h(a) = 2*a**3 + 75*a**2 - 123*a - 31. Let x be h(-39). Calculate the highest common divisor of x and 35.
7
Let x = 1031 - 940. What is the greatest common divisor of 286 and x?
13
Let d be (-20)/16*(1/1 - 5). Suppose -d*x + 23 + 57 = 0. Calculate the greatest common divisor of x and 128.
16
Let u = -2084 - -2118. Calculate the greatest common factor of u and 2159.
17
Let d(k) = k + 43. Let j be d(-11). What is the greatest common divisor of 32 and j?
32
Suppose -2*j = -4*s, 3*j - 6*s = -s - 5. Let f be (6/9*1)/(j/(-75)). Calculate the greatest common divisor of f and 20.
5
Let k = 302 + -258. What is the greatest common factor of 594 and k?
22
Suppose -12*k = -99 - 165. What is the greatest common factor of k and 4?
2
Let b be (-2)/6 + (-28)/(-12). Suppose 0 = -4*w + d - b*d + 60, 0 = -3*w + 5*d + 45. Let l = 64 - 34. What is the greatest common factor of l and w?
15
Let f(z) = z**3 + 13*z*